
List the prime factors of 11/(-77) - 29/(-7).
2
Suppose -3*w + 4 - 18 = -5*j, 3*w = 6. Let f(y) = 6*y. What are the prime factors of f(j)?
2, 3
Let s(m) = 7*m**2 + m - 8. List the prime factors of s(-4).
2, 5
Let b(w) = 36*w**2 + 6*w - 3. List the prime factors of b(-2).
3, 43
Let y(p) = p**3 - 11*p**2 + 6*p + 9. Let v be (-1)/(-3)*(27 - -3). Let t be y(v). Let m = t - -52. What are the prime factors of m?
3, 7
Let d(j) be the first derivative of 11*j**2/2 + 36*j + 14. List the prime factors of d(12).
2, 3, 7
Let x = 7 - 3. Suppose 4*t = -x*r + 1232, 5*t - 2*r + r - 1510 = 0. List the prime factors of 3/24 - t/(-8).
2, 19
Let j(n) = 20*n**2 + 12*n + 3. Let x be j(6). Suppose -5*a + 5*h = -0*a - x, -4 = h. List the prime factors of a.
5, 31
Suppose -248*w + 242*w = -10176. List the prime factors of w.
2, 53
Let q = -142 - -328. What are the prime factors of q?
2, 3, 31
List the prime factors of 2/(-5)*-4055 + (-6)/(-2).
5, 13
Let k = -277 - -192. List the prime factors of 32/48 - k/3.
29
Suppose 85*p + 60 = 65*p. Let w be (-90)/(-4)*-2*1. List the prime factors of (2 + w)/(p - -2).
43
Let g = 566 + -166. List the prime factors of g.
2, 5
Suppose 6*k - 168 = 3*k. Let f = k - 36. Suppose 4*w = -f, 0 = 6*q - 4*q - w - 53. What are the prime factors of q?
2, 3
Let w be -4 + (-21)/(-3) + 0. What are the prime factors of (w/2)/(12/368)?
2, 23
Let c(b) = -b + 5 + 39*b**2 - 3 - 1. Let y be 9/((-441)/(-28)) + 6/14. What are the prime factors of c(y)?
3, 13
Suppose 42*z - 48*z + 8382 = 0. List the prime factors of z.
11, 127
Let k(i) = i**3. Let z(f) = -4*f**3 + 3*f**2 - 5*f - 5. Let r(s) = -6*k(s) - z(s). Let b = -223 - -220. List the prime factors of r(b).
17
Let k(t) = -3*t**3 + t + 2. Let m be (11 + -14)/((-3)/(-2)). What are the prime factors of k(m)?
2, 3
Let b(q) = -1 - q - 13*q**2 + 57*q**2 + 0 + 52*q**2. Let p be b(-1). Suppose -6*n = -2*n - p. What are the prime factors of n?
2, 3
What are the prime factors of ((-682)/14 + 2)/(57/(-399))?
3, 109
Suppose -p = 4*o - 389, -83 = -2*o + o - 5*p. Let m = o - 45. What are the prime factors of m?
53
Let f = 404 + -235. Let x = -93 + f. List the prime factors of x.
2, 19
Let p(x) = 35*x**3 + 2*x**2 - 16*x + 13. What are the prime factors of p(4)?
2221
Let g(r) = -r - 6. Let u be g(3). Let a = u - -12. Let f = 17 - a. List the prime factors of f.
2, 7
Let a = 80 + -60. Suppose i - 84 = -2*x + 2, 0 = -3*x - i + 130. Let z = x - a. List the prime factors of z.
2, 3
Let k(u) = 52*u + 256. List the prime factors of k(28).
2, 107
Let k(a) = 3*a - 25*a + 38 - 13*a + 3*a. What are the prime factors of k(-5)?
2, 3, 11
Suppose 0 = -4*g + 8, -52 + 200 = u - g. Suppose 5*v + u = -4*c + 805, 4*c = v + 685. List the prime factors of c.
2, 5, 17
Suppose 7*s = 6*s + c + 2156, 3*s - 6428 = -5*c. List the prime factors of s.
3, 239
Suppose -4*m + 95 = 3*c - 198, -c - 5*m + 94 = 0. What are the prime factors of c?
3, 11
Let i be 50/10*(-21)/5. Let k be i/6*4/(-7). What are the prime factors of ((-6)/k)/(-6)*30?
3, 5
Let l be (-32)/16 - (-58 - 0). Suppose w = -s + l, -3*w - 346 = -5*s - 90. List the prime factors of s.
53
Suppose -4*y + 8 = 0, 0 = -2*a + a - 3*y + 11. Suppose -5*d + 470 = -a*o, 290 = 3*d + 4*o + o. What are the prime factors of d?
5, 19
Let x = 1561 + -96. What are the prime factors of x?
5, 293
What are the prime factors of 154/9 + 18/(-162)?
17
Let d(h) = 11*h - 3. Let l be d(1). Suppose -3*f + l + 28 = 0. Suppose 0 = 3*b - 6 - f. What are the prime factors of b?
2, 3
Suppose 6*f - 7*f + 861 = 5*h, -5*h = 4*f - 864. Suppose -l + 2*v + 83 = -89, l = 3*v + h. What are the prime factors of l?
2, 43
Let l(h) = -h**3 + 14*h**2 - 9*h + 1. Let n be (-2 - 0) + (-45)/(-3). What are the prime factors of l(n)?
53
Let f(l) = -226*l**3 + l + 1. Suppose 2*i = 3*w + 5, 3*w = i - 4*i. What are the prime factors of f(w)?
2, 113
Let d(l) = l**2 - 8*l - 7. Let c(k) = 2*k**2 - 4*k - 7. Let o be c(-2). What are the prime factors of d(o)?
2
Let i(s) = -35*s + 85. List the prime factors of i(-23).
2, 5, 89
Let t = 9 - 7. Suppose 50 = -2*h + 5*h + t*a, 0 = -3*a - 15. List the prime factors of h.
2, 5
Suppose 0 = -3*o + 130 + 284. Let g = 16 - 12. Suppose -g*v = 22 - o. List the prime factors of v.
29
Let r(y) = 34*y - 14. What are the prime factors of r(11)?
2, 3, 5
Suppose 20*o - 1296 = 16*o. Suppose -s - o = -3*s. What are the prime factors of s?
2, 3
Let u(x) = x**3 + 9*x**2 + 11*x + 2. List the prime factors of u(-6).
2, 11
Let f(b) = b**2 + b - 1. Let o(s) = -7*s**2 - 9*s - 6. Let u(v) = -5*f(v) - o(v). What are the prime factors of u(-7)?
3
Let d be 5/(25/2)*10. List the prime factors of (-2)/(-4) - (-390)/d.
2, 7
Let r(w) = -49*w**3 - 2*w**2 + 2*w - 1. Let v(d) = -48*d**3 - 2*d**2 + d. Let y(f) = 2*r(f) - 3*v(f). What are the prime factors of y(1)?
47
Let v = 169 + -42. List the prime factors of v.
127
Let q(w) = w**3 + 5*w**2 + 4*w - 1. Let u be q(-2). Let i(d) = -38*d**2 + d - 1. Let h be i(1). List the prime factors of h/(-1) - 9/u.
5, 7
Let b = 76 + -37. Let m = 25 - b. List the prime factors of (-298)/(-14) - m/(-49).
3, 7
Suppose -4*k - 5*b = -327 - 990, -2*b = -3*k + 1005. What are the prime factors of k?
3, 37
Suppose -3*x + 3601 = -2*a, -a - 6 + 1 = 0. List the prime factors of x.
3, 7, 19
Let h be (2 + (4 - 1))*-1. List the prime factors of 112/h*(-15 + 10).
2, 7
Suppose 96*b = 99*b - 36. What are the prime factors of (-141)/((-21)/b - -1)?
2, 47
Suppose -5*l - 178 = -1118. What are the prime factors of l?
2, 47
Let k = -58 + 502. List the prime factors of k.
2, 3, 37
Let v = -8 + 13. Suppose -87 = -n + j, n = -v*j + 43 + 14. Suppose 3*b - 33 = 2*b + 4*z, 4*z + n = 2*b. What are the prime factors of b?
7
Suppose -11 = -4*u + 9, 0 = 2*m - u - 169. What are the prime factors of m?
3, 29
Suppose -26 = -4*d + 26. Let z = d - -14. List the prime factors of z.
3
Let x = 22 - 18. Suppose 2*k = -x*a + 272, -1 = 2*a - 5. Suppose 5*l = l + k. List the prime factors of l.
3, 11
Let o = 286 - 522. Let m = -134 - o. Suppose -m = -5*s + 3. What are the prime factors of s?
3, 7
Suppose 2 = 5*t - 193. Suppose -5*b - t = -3*b - 3*v, 4*b - 3*v + 69 = 0. Let f = 33 + b. List the prime factors of f.
2, 3
Let i(h) = -2*h - 13. Let x(o) = 3*o + 12. Let j(q) = -6*i(q) - 5*x(q). What are the prime factors of j(0)?
2, 3
Let t(m) = 3*m - 10. Let h be t(4). Suppose 4*y - 3*d + h*d = 727, 908 = 5*y - d. List the prime factors of y.
181
Let k = -4 + -1. What are the prime factors of k/(40/6)*16/(-2)?
2, 3
Let t(b) = 2*b**3 + 6*b**2 + 4*b - 51. What are the prime factors of t(5)?
3, 41
Let h(c) = c - 1. Let i(k) = -20*k - 20. Let g(l) = 20*h(l) - i(l). Let t be g(-1). List the prime factors of (1 - 4 - t) + 0.
37
Suppose 0 = 3*l + 179 - 1055. Suppose -2*s - 2*h = -l, 0*s + 3*h = -2*s + 293. What are the prime factors of s?
5, 29
Let w = -95 + 1348. List the prime factors of w.
7, 179
Suppose 2*h - 4*m = -38, -2*h + 3*h - 4*m + 11 = 0. Let z = h + 8. List the prime factors of 1 + (-3 - z - 0).
17
Let h(f) = 4*f**3 + 18*f**2 - 5*f**3 - 5 + 6*f - 29*f**2. List the prime factors of h(-12).
67
Suppose -2*r = 4, 4*f + 2*r - 22 = 18. Suppose f*x - 120 = 6*x. List the prime factors of x.
2, 3
Let z = 9240 + -3705. List the prime factors of z.
3, 5, 41
Let u = 928 + -207. List the prime factors of u.
7, 103
What are the prime factors of (-267189)/(-676) - 2/8?
5, 79
Let n(a) = -250*a**3 - 2*a**2 - a - 1. Let c be n(-1). Suppose 54*l - c = 52*l. List the prime factors of l.
2, 31
Let t = -1270 + 2235. Suppose -6*x + 805 = -2*x + 5*k, -5*x + 2*k + t = 0. List the prime factors of x.
3, 5, 13
Let h be 0*(1 - (-8)/(-6)). Suppose 10 = 5*v - h*v. Suppose -2*i + 104 = v*i. What are the prime factors of i?
2, 13
Let x = -14 - -17. Suppose -x*k + 15 = -12. Suppose k*c = 8*c + 73. List the prime factors of c.
73
Let r = 0 + 10. Let h = r + -7. Let k(y) = 4*y**2 - 4*y + 4. List the prime factors of k(h).
2, 7
Suppose 2*l - o = -2, -5*l + 19 - 2 = 3*o. Suppose 2 = 3*w + 3*u - l, -2*u = 4*w - 2. List the prime factors of (w - 1)*-16 - -3.
19
Let l be 1/5 + (-19)/(-5). Let k(v) = 2*v - 9. Let c be k(l). What are the prime factors of (62/8)/(c/(-4))?
31
Let q = 871 - 559. Suppose 3*v - q = -3*v. What are the prime factors of v?
2, 13
Let i(t) = 0 - 1 - 4*t +